z is divided by (-10 - -9)/((-2)/30)?
12
Let t = 2 + -24. Let y = -13 - t. What is the remainder when (52/5)/((-14)/(-35)) is divided by y?
8
Let o(m) = m**2 + 4*m + 1. Let x be o(-5). Let i be (-4)/x - (-1304)/12. Suppose -r + 5*r - i = 0. What is the remainder when r is divided by 14?
13
Let n(h) = -14*h + 4. Suppose 8*a + 21 = 3*a + 2*t, 0 = -3*t + 9. Suppose -z - 48 = -4*z. Calculate the remainder when n(a) is divided by z.
14
Let m = 21 + 27. What is the remainder when m is divided by 7?
6
What is the remainder when 46 is divided by (2 + -6 + -20)/(-2)?
10
Suppose -2*r = r - 258. Calculate the remainder when r is divided by 29.
28
Suppose 0 = -5*d + 6 + 9. Let c be (d/9)/((-2)/(-294)). Suppose c = 3*y - t, -3*t + t + 37 = 3*y. Calculate the remainder when y is divided by 8.
7
What is the remainder when (4 - (4 + -1))*15*3 is divided by 24?
21
Suppose 5*v + 0*u - 3*u = 265, 5*v + 2*u - 290 = 0. Let k = -1 + 3. Suppose 3*s + 52 = 4*h, -k*s = 2*h + h - v. Calculate the remainder when h is divided by 9.
7
Let j(g) be the second derivative of 59*g**3/6 - g**2/2 + 3*g. Let f be j(-1). Calculate the remainder when 4/(-2) - f/2 is divided by 15.
13
Suppose -2*p + 0 = -8. Suppose -8*l - 48 = -p*l. Calculate the remainder when 7 is divided by (-1)/3 + (-52)/l.
3
Let p(y) = 2*y**2 + 2*y + 1. Let c be p(-1). Let n be ((-40)/(-25))/(c/(-5)). Let s = -7 - n. What is the remainder when 2 is divided by s?
0
Let k(i) = -4*i**3 - i**2 + 2*i. Suppose 0 = 2*c - 3*c - 2. Let m be k(c). Suppose -s = 3*s - m. Calculate the remainder when 16 is divided by s.
4
Suppose q - 31 + 0 = 0. What is the remainder when 119 is divided by q?
26
Let j be (-44)/(-7) + 10/(-35). Suppose 0 = 4*k + 3*x - 64, 0 = 2*k - 6*k - x + 56. What is the remainder when 16/j*114/8 is divided by k?
12
Suppose 14 = r + r. Suppose -r + 29 = 2*i. Calculate the remainder when i is divided by 4.
3
Let h = -3 + 3. Suppose 4*i - 8 = -h*i. Let p = 13 + -8. Calculate the remainder when p is divided by i.
1
What is the remainder when 20 is divided by 2/2 - -3*3/9?
0
Let x = -26 - -1. Suppose 6 = -2*s + 118. Let v = x + s. What is the remainder when v is divided by 11?
9
Let i = 19 + -1. Let u(b) = 8*b + 3. What is the remainder when u(6) is divided by i?
15
Suppose 2*x - 15 = -h + x, 30 = 2*h - 3*x. Let q be (-1)/4 - (-42)/8. Suppose 4*s - q*a - 7 = 0, 3*a - 2 = s + 5. What is the remainder when h is divided by s?
7
What is the remainder when 23 is divided by 20/(-15)*9/(-2)?
5
Let t(o) = -4*o - 3. Suppose -4*h = -3*h + 2. Calculate the remainder when 13 is divided by t(h).
3
Suppose -3*i = 2*i - 95. What is the remainder when i is divided by 5?
4
Let s be 2/(-2) - (-27 + 6). Calculate the remainder when (-910)/s*2*-1 is divided by 23.
22
Let y(i) be the first derivative of i**2 - i + 1/3*i**3 + 2. What is the remainder when 19 is divided by y(-4)?
5
Let i(a) = -a. Let k(n) = -n + 5. Let w(v) = 6*i(v) - k(v). Calculate the remainder when w(-6) is divided by 9.
7
Let t(h) = -h**2 + 4*h + 4. Calculate the remainder when (2/4)/((-2)/(-52)) is divided by t(4).
1
Let k(p) = p**3 + 16*p**2 + 13*p + 21. What is the remainder when k(-15) is divided by 18?
15
Let a(w) = 5*w - 42. What is the remainder when a(17) is divided by 11?
10
Suppose 0 = w - 3. Let x = 2 - 0. Suppose x*r - 26 + 8 = 4*z, -r + w = z. What is the remainder when 8 is divided by r?
3
Let q = 73 + -40. Calculate the remainder when q is divided by 9.
6
Suppose d = 5 + 30. Suppose 14*i = 10*i + 16. Calculate the remainder when d is divided by (i - 9)/(-5) - -11.
11
Let x = 69 + -53. Suppose -4*z + 93 = -z. Calculate the remainder when z is divided by x.
15
Let l be ((-254)/(-8))/((-4)/(-16)). Let c = 214 - l. What is the remainder when 25 is divided by c/12 - (-2)/(-8)?
4
Suppose 6 = -5*a - 14. Let m = a + 6. Suppose m*t - 2 = 4. What is the remainder when 9 is divided by t?
0
Let h be (-471)/(-15) + 2/(-5). Let p be 10*32/15*6/8. Let g = h - p. Calculate the remainder when 44 is divided by g.
14
Let l = -1 - -2. Calculate the remainder when 4 is divided by 1/(l + (-2)/3).
1
Suppose w + 0*w - 2 = 0. What is the remainder when 3/((-12)/(-8) - 0) is divided by w?
0
Suppose 4*q - 32 = 84. Let l = 14 - 6. Calculate the remainder when q is divided by l.
5
Suppose -8 = -y - 2*s, -4*y + y + 9 = s. What is the remainder when 7 is divided by y?
1
Suppose 0*b - 2*b = 16. Let j be 1/((-2)/(-1))*b. Let c = j + 19. What is the remainder when 29 is divided by c?
14
Suppose 4*i = 2*w - 0*i, -i = 3*w - 35. What is the remainder when 2/(8/(-6))*-26 is divided by w?
9
Suppose 3*s + 0*s + 5*r = -2, 26 = 3*s - 2*r. Suppose -2*w = -5*w + 3*m + 3, s = -2*w - 2*m. What is the remainder when 19 is divided by (-9 + 2)*(0 + w)?
5
Suppose 0 = 5*d - 5*g - 75, -3*d - 4*g = -2*g - 45. What is the remainder when 56 is divided by d?
11
Suppose 0 = 4*b - 63 - 77. Let k(o) = -o**3 + o**2 - 2*o. Calculate the remainder when k(-2) is divided by (-4)/14 - (-220)/b.
4
Suppose 0 = 2*c + 2*c - 16. Calculate the remainder when 82 is divided by 6/(-5)*(-70)/c.
19
Let v = 1 + 10. What is the remainder when 29 is divided by v?
7
What is the remainder when 57 is divided by 0 + 13 - (-21 - -18)?
9
What is the remainder when 3/6*((69 - 3) + 0) is divided by 4?
1
Let d = -25 + 49. What is the remainder when d is divided by 9?
6
Suppose 6 = l - 48. Calculate the remainder when l is divided by 14.
12
Suppose -3*t = -2*f + 31, 7*t = 6*t + 5. What is the remainder when f is divided by -3*(-1 - 5/3)?
7
Suppose 5*x = 7*x - 10. What is the remainder when 31 is divided by x?
1
Let s = 70 - 41. What is the remainder when s is divided by ((-12)/(-10))/((-3)/(-20))?
5
Suppose -h - 2 = -5. Let b be ((-1)/h)/((-4)/408). Let j = -24 + b. Calculate the remainder when 19 is divided by j.
9
Let s = -17 - -99. What is the remainder when s is divided by 21?
19
Let t(p) = -9. Let a(l) = -l - 8. Let b(d) = 3*a(d) - 2*t(d). Calculate the remainder when b(-9) is divided by (-63)/42 - 54/(-4).
9
Let z = 5 - 2. Suppose -f + 4*f - 3*i = 3, -z*f - 2*i = -13. Suppose -5 = k, -2*g + 28 = -g - 4*k. What is the remainder when g is divided by f?
2
Let r(x) = -x**2 - 13*x - 16. Calculate the remainder when 52 is divided by r(-10).
10
Suppose -2*x + 114 - 84 = 0. What is the remainder when x is divided by 8?
7
Let d = -5 + 9. Suppose -d*b - t = -176, -b + 10 = -2*t - 34. Calculate the remainder when b is divided by 15.
14
Let l(n) = -n**2 + 17*n - 8. Calculate the remainder when l(13) is divided by 16.
12
Calculate the remainder when 48 is divided by 102/4 + (-1)/(-4)*-2.
23
Suppose -28 = -4*k - 0*k. Calculate the remainder when (12/(-9))/(4/(-78)) is divided by k.
5
Let p(q) = 0*q**2 - 6*q + 14 + 4*q + q**2 - 9*q. What is the remainder when 41 is divided by p(11)?
13
Suppose -5*v + 3*x - 4*x + 308 = 0, 0 = v + 2*x - 58. Suppose v = -3*l + 5*l. Calculate the remainder when l is divided by 8.
7
Let l = 22 + -13. Calculate the remainder when (-472)/(-18) - (-10)/(-45) is divided by l.
8
Let v(b) = 5*b**3 + 17*b**2 - 3*b - 7. Let r(s) = -3*s**3 - 9*s**2 + s + 4. Let g(j) = -7*r(j) - 4*v(j). Calculate the remainder when 11 is divided by g(4).
3
Let z = 26 - 9. Let j = 37 - 26. Suppose 0 = 3*g + j - 158. What is the remainder when g is divided by z?
15
Suppose 34 = l - 46. Let p = l + -46. Calculate the remainder when p is divided by 7.
6
Calculate the remainder when 32 is divided by (-17 - -14)/(-1 + 32/38).
13
Let n(p) = 12*p - 15. What is the remainder when n(6) is divided by 12?
9
Suppose -18 = 6*y - 7*y. What is the remainder when 34 is divided by y?
16
Let x = -178 - -191. What is the remainder when 43 is divided by x?
4
Let f be 18/4*8/(-6). Let o = -4 - 4. Calculate the remainder when 11 is divided by f/o*(7 + 1).
5
Let z = -32 - -45. Calculate the remainder when 288/(-60)*(-10)/2 is divided by z.
11
Let g = 35 + -21. What is the remainder when 40 is divided by g?
12
Let p = 31 - 25. Let q = 45 + -27. Suppose -4 = -2*b + q. What is the remainder when b is divided by p?
5
Let p = 8 + -4. Suppose 0*m + p = -2*m. Calculate the remainder when 5 is divided by (m - 10/(-4))*4.
1
Let m(q) = 6*q**2 - 2*q + 1. Let p be m(1). Suppose -p*a - 4 = -14. What is the remainder when 18 is divided by 9 + (-2 - -1) + a?
8
Let y be 4/(